y z(2).
21
Let d = 100 - 71. What is the remainder when 113 is divided by d?
26
Let s = -111 - -162. Calculate the remainder when s is divided by 40/3 - (-2)/(-6).
12
Suppose 4*z - 6*w + 3*w = 266, 2*z - 130 = 3*w. Calculate the remainder when z is divided by 18.
14
Let n be (8 - 1)*20/35. Suppose -3*i + n*i - 9 = 0. What is the remainder when i is divided by 5?
4
Suppose -v = 3*v - 180. Calculate the remainder when v is divided by 24.
21
Calculate the remainder when 35 - -4*(-4)/16 is divided by 9.
7
Suppose -x = -5*o + 24, -3*o + 11 + 17 = -4*x. Let d = 2 - x. Calculate the remainder when 21 is divided by d.
3
Suppose -c - 9 = 1. Let o be (c - (0 - 2))*2. Let a = -10 - o. Calculate the remainder when a is divided by 3.
0
Suppose -3*x - 46 - 17 = 0. Suppose 2 = -f - 0. What is the remainder when 20 is divided by x/f + 1/2?
9
Suppose -3*g - 4*x + 0 = 2, 2 = g + 2*x. Calculate the remainder when 16 is divided by 319/33 - (-4)/g.
7
Let w(v) = 3*v**2 + v + 1. Suppose 28 = 3*s + d - 142, -s + 2*d + 66 = 0. Calculate the remainder when s is divided by w(2).
13
Calculate the remainder when 23 is divided by -5 - 0 - (19 + -31).
2
Suppose 0 = 5*b - 3*d - 54, 1 + 5 = -b - 5*d. Let k(v) = v + 18. Let n be k(-9). Let a = 26 - n. Calculate the remainder when a is divided by b.
8
Let n be 1 + -4 + 0 + 0. Let t(l) = l**2 + 4*l + 2. Let o be t(n). Let u = o + 4. Calculate the remainder when 4 is divided by u.
1
Suppose -3 + 13 = 2*d, 2*k = d + 99. Suppose -y + 2*y - 5*q - 35 = 0, -2*y + q = -k. What is the remainder when y is divided by (-43)/(-5) + 8/20?
7
Let h(x) = 3*x**3 + 2*x - 3. What is the remainder when 72 is divided by h(2)?
22
Let g(n) = n**3 - n**2 + n + 16. Let m be g(0). Suppose 4*y - a - 12 = -2*a, m = 5*y + a. Calculate the remainder when 23 is divided by 3/(y/((-96)/(-9))).
7
Suppose -p - p = -2. Let d(b) = -3*b - 7. Calculate the remainder when d(-5) is divided by (15/12)/(p/4).
3
Suppose -66 = 3*h - 207. What is the remainder when h is divided by 24?
23
Let v be (-30)/3*2/(-5). Suppose 5*i = 3*m + 104 - 7, -v*i + 5*m + 75 = 0. Let d = -90 + 129. Calculate the remainder when d is divided by i.
19
Let b be (-12)/21*(-14)/4. Suppose a + 13 + b = 0. Let f = -5 - a. Calculate the remainder when 29 is divided by f.
9
Suppose -3 = k - 12. Calculate the remainder when 33 is divided by k.
6
Let o = -6 + 6. Suppose o = -c + 10 - 5. Suppose -24 - 8 = -4*a. Calculate the remainder when a is divided by c.
3
Let z be 29/6 + (-4)/(-24). Let y = 4 + z. Let q(j) = -j**3 + 6*j**2 - j - 4. Calculate the remainder when q(5) is divided by y.
7
Let m be 3/(5/((-25)/(-3))). Suppose -m*q + 90 = -70. What is the remainder when (q/(-10))/((-6)/105) is divided by 19?
18
Suppose -4 = -6*i + 4*i. Suppose i*f = 4*t + 86, 5*t = -4*f - 0*f + 107. Calculate the remainder when f is divided by 17.
16
Suppose -3*m - m = -12. What is the remainder when 8 is divided by 1 + (0 - 2) + m?
0
Suppose -2*f + 2*k + 12 = 0, -4*k - k = 3*f - 42. Let z be 1*2/(-2)*-17. Suppose -x + 9 = -z. What is the remainder when x is divided by f?
8
Suppose -148 + 44 = -4*x. Let j be 21/(-14) + (-31)/(-2). Suppose 0*w - j = -2*w. Calculate the remainder when x is divided by w.
5
Suppose -3*r - 12 = -3*j + 6, -3*r = -2*j + 12. Suppose 15 = 2*t - 15. Let q = t + -11. What is the remainder when j is divided by q?
2
Let h = 5 - 2. Suppose 6*c - 112 = -h*r + 4*c, -93 = -2*r - 5*c. What is the remainder when r is divided by 12?
10
Let u(l) be the second derivative of l**5/20 + 5*l**4/12 - 7*l**3/6 - 3*l. Calculate the remainder when u(-6) is divided by 3.
0
Let x(k) = -k - 1. Let d(h) = -h**2 - 16*h - 8. Let o be ((-6)/15)/(2/(-30)). Let q(m) = o*x(m) - d(m). Calculate the remainder when 5 is divided by q(-10).
1
Suppose u - 19 - 1 = 4*t, 2*t = 3*u - 90. Calculate the remainder when u is divided by 11.
10
Let y be (-4 + 0)/(0 - -1). Let f be 2/(-3)*3 - y. Calculate the remainder when f/5 + 904/40 is divided by 8.
7
Let f = 50 + -15. Let t(c) = -c**2 + 9. Calculate the remainder when f is divided by t(0).
8
Let j = -6 + 8. Suppose -j*n - f = -4*n + 59, n = f + 28. Calculate the remainder when n is divided by 16.
15
Suppose -3*g + 2*g - 123 = 2*l, 308 = -5*l - 2*g. Let x = l + 148. Let p = x - 38. Calculate the remainder when p is divided by 17.
14
Let s be (2 + 2)*(-5)/4. Let j = 7 + s. What is the remainder when 1/(-2) - (-22)/4 is divided by j?
1
Suppose -b + 16 + 3 = 0. What is the remainder when 54 is divided by b?
16
Let h = -7 - -69. Calculate the remainder when h is divided by 16.
14
Suppose 5*u = u + 240. Let n = u + -34. Suppose 4*z = 3*z + 14. What is the remainder when n is divided by z?
12
Let d(n) = -20*n - 2. Suppose -6 = -2*q, 2*x + 2*q = -2*q + 118. What is the remainder when x is divided by d(-1)?
17
Let s(p) = -4*p - 1. Let a(l) = 17*l + 3. Let x(j) = -2*a(j) - 9*s(j). Calculate the remainder when 43 is divided by x(6).
13
Suppose -74 = -5*j + 1. Let p be (6 + -1)*(-18)/(-10). Suppose p = 4*n - j. Calculate the remainder when 17 is divided by n.
5
Suppose 5*s = -3*o + 395, -s + o = -77 - 10. Suppose -3*t + 4*g = -2*t - 26, -2*t + s = 2*g. What is the remainder when t is divided by 15 + (0 - 1)*2?
12
Suppose s - 2 = -0. Suppose -s*x - 3*b - 2 = -4, -x + b = -11. Let n = 11 + x. Calculate the remainder when 34 is divided by n.
16
Suppose 4*s - 10 = 46. Let h = -16 - -24. Calculate the remainder when s is divided by h.
6
Let u(t) = -t**2 + 8*t + 2. Let s be u(8). Suppose -i - 2*x = -21, 4*i - s*x - 3 = 101. Calculate the remainder when i is divided by 13.
12
Let h(f) be the third derivative of -f**4/24 + 2*f**3/3 - 3*f**2. Calculate the remainder when 2 + 0 - 3 - -17 is divided by h(-5).
7
Let t = -72 - -31. Suppose 3*s + 5 - 2 = 0. What is the remainder when (t/(-2))/(s/(-2)) is divided by 14?
13
Suppose 4*b - b = -2*o - 16, 14 = -2*b + 2*o. Let r = 11 + b. Suppose r*c - 225 = -0*c. Calculate the remainder when c is divided by 16.
13
Suppose -7 = -2*v - 3. Suppose u = -4*k - 11, 20 = -u - 3*k + v*k. Let j = 36 + u. What is the remainder when 24 is divided by j?
11
What is the remainder when 83 is divided by -3 - ((0 - 0) + -31)?
27
Let i = 8 + 1. Let o(u) = -u**3 + 7*u**2 + 9. Let b be o(7). Suppose -5*z - b = a, -20 = -3*z + 7*z. What is the remainder when a is divided by i?
7
Let u = 47 - 34. Suppose -31 = -t - 6. Calculate the remainder when t is divided by u.
12
Let s(b) = -b + 11. Let y be s(9). Let n be -2 - (2 + -1)*y. Let x = n - -10. Calculate the remainder when 21 is divided by x.
3
Let w = -72 - -115. Let l = w - 26. Calculate the remainder when 49 is divided by l.
15
Let m(g) be the first derivative of -2 - 3/2*g**2 - g. Calculate the remainder when 49 is divided by m(-6).
15
Let g = 111 - 67. Suppose 15 = -3*n, 2*y + 4*n = 6*y - g. Suppose -o = -4*z + 20, 0*o = 3*z - o - 16. Calculate the remainder when y is divided by z.
2
Suppose 2*r + u - 28 = 0, 0 = -3*u + 8*u + 20. Calculate the remainder when 58 is divided by r.
10
What is the remainder when (-790)/(-9) - 8/(-36) is divided by 18?
16
Let w(k) = k + 5. Let p be (-34)/(-1)*(-9)/(-6). Suppose 5*g - p = 94. What is the remainder when g is divided by w(5)?
9
Suppose -2*y + y = -60. What is the remainder when y is divided by 21?
18
Let c(u) = 2*u + 22. Calculate the remainder when 93 is divided by c(5).
29
Let q = 27 - 17. Suppose y + 7 = 1. What is the remainder when q is divided by (-3)/y*6/1?
1
Suppose 4*j - 6*j = -16. Let n = -466 + 496. Calculate the remainder when n is divided by j.
6
Suppose i = 31 + 12. Suppose 3*s = -w + i, 10 = s - 0*s - 4*w. What is the remainder when (-41)/3*(1 + -4) is divided by s?
13
Suppose 147 = 2*d - 5*u, 3*d - 29 = u + 172. Calculate the remainder when d is divided by 17.
15
Suppose 2*s - 96 = 2*d, -96 = -s + 4*d - 39. Calculate the remainder when s is divided by 26.
19
Let c(n) = n**3 + 4*n**2 - 8*n + 3. Let z be c(-6). Let f = 37 + z. What is the remainder when 2/(-4) + 252/8 is divided by f?
15
Let m be (-7 + 8)*(-1 - 1). Calculate the remainder when 314/10 + m/5 is divided by 8.
7
Suppose 4*l - 297 = -77. Suppose 3*n = 11 + l. Let h = 95 - 31. Calculate the remainder when h is divided by n.
20
Suppose -3*l + 6 = 18. Let y(k) = k**2 + k - 3. What is the remainder when y(l) is divided 